-6
Let s(o) = 5*o**2 + 5*o + 6. Let j(u) = -4*u**2 - 5*u - 5. Let d(t) = 3*j(t) + 2*s(t). Suppose 0 = -2*r - 5*g + 4, -18 - 1 = 3*r - 5*g. Give d(r).
-6
Suppose 3 - 6 = o. Let a = -4 + o. Let y(h) = -h**2 - 8*h - 4. Determine y(a).
3
Let l(o) = 3 + 3*o - 4 + 3*o - 3 - o**2. Suppose -5*b + 12 = -2*b. Determine l(b).
4
Let v(a) = -a**2 + 5*a + 7. Let w(q) = 2*q - 9. Let c be w(6). Suppose -s - 17 = 5*k, -5*s - 3*k - 13 = -3*s. Let r = c - s. Give v(r).
7
Let w(s) be the third derivative of s**4/24 + 3*s**3 - 40*s**2. What is w(-8)?
10
Let g(m) = 9*m + 2*m - 12*m + 2*m - m**2 + 14. Give g(0).
14
Suppose 3*i + 4 + 11 = 0. Let t = i + 0. Let w(u) = -5*u**3 + 2*u**2 + 2*u - 6. Let q(n) = -6*n**3 + 2*n**2 + 2*n - 7. Let f(z) = t*w(z) + 4*q(z). Give f(2).
-2
Let i(d) = 2*d**3 + 2*d**2 - 3*d - 2. Let u(w) = -w + 16. Let p be u(12). Suppose 5 = -p*k - 3. Determine i(k).
-4
Let x(b) = -b**3 - 10*b**2 + 26*b + 18. Let j be x(-12). Let a(p) = -p**3 - 7*p**2 - 6*p - 1. Give a(j).
-1
Let l(m) = -2*m + 5*m**2 - 35 - 3*m**2 + 64 - 32. Let j be (3 - 2)/((-2)/(-6)). Determine l(j).
9
Let x(a) = 3*a**2 - 2*a - 2. Let g = 16 + -6. Let c = 12 - g. What is x(c)?
6
Let z(o) = -2 - 4 + 4 + 6*o + 1. Determine z(1).
5
Let k(n) be the second derivative of n**5/20 + n**4/12 - n**3/6 + n**2 - 10*n. Give k(-2).
0
Let y(k) = 2*k - 3 + 5 + 4. Let j be y(-5). Let t(l) = -l**2 - 6*l + 2. What is t(j)?
10
Let u(b) = -2 - 78*b + 36*b + 39*b. Calculate u(2).
-8
Let r be (6/4)/(6/(-8)). Let m(k) = 4*k**2 + 3*k + 2. Give m(r).
12
Let d(a) be the third derivative of 0*a + 0 + 5*a**2 + 1/24*a**4 - 1/6*a**3. Let t(s) = -s**3 - 2*s**2 + 2*s + 2. Let y be t(-3). What is d(y)?
4
Let p(x) be the third derivative of 0*x - 1/60*x**5 + 3*x**2 + 1/6*x**3 - 1/6*x**4 + 0. Determine p(-4).
1
Suppose -l = -0*m + 3*m + 6, -4*l - 2*m = -16. Let v = -2 + l. Let q(z) = v*z + z + z. Give q(-1).
-6
Suppose -q + t = 0, 4*t = 4*q + 9*t + 36. Let z(a) = 1 + 2 + a**2 + a + 4*a. Calculate z(q).
-1
Let n be (4/6)/(16/(-24)). Let h(x) = -3*x**2 - x - 1. Let r be h(n). Let m(k) = k**2 + k - 2. Give m(r).
4
Let k(f) be the first derivative of f**5/60 - f**3 + 3. Let v(r) be the third derivative of k(r). Let a = 3 + -2. Give v(a).
2
Let d(g) = 4*g + g - 7*g + 1. Suppose 0*u = 2*u + 2. What is d(u)?
3
Let d(s) = 2*s - 3. Let o be ((-2)/6)/((-2)/(-6)). Let j(l) = -l**2 + 1. Let g be j(o). Suppose -2*x + 9 - 1 = g. Calculate d(x).
5
Suppose 2*w - 2*a = 22, -2*a = -0*w - 3*w + 32. Suppose 0 = 5*t - 0*t + w. Let b(p) = 3*p**3 + p**2 - 2*p**2 + 4*p**2. Determine b(t).
-12
Let g = -2 + 2. Let n(c) = c + 1 - 2 + 4. Give n(g).
3
Let y(v) = v**3 + 5*v**2 + 6*v + 6. Let b(q) = q**2 - 8*q + 8. Let k be b(6). Calculate y(k).
-2
Suppose -2*f = 3*n - 10 - 8, -f = -5*n + 17. Suppose f*m + m = 8. Let u(t) = -t**3 + m*t**3 + 0*t + t + 5 + 0*t. What is u(0)?
5
Let s(t) = t**3 - 3*t + 2. Suppose 13*q - 12*q = 2. Give s(q).
4
Let f(l) = l**2 - 8*l. Let o be f(8). Suppose o = k + 12 - 7. Let n(p) = 3*p + 2 + 2 - p. Determine n(k).
-6
Let t(p) = -p**3 + 21*p**2 + p - 29. Let m be t(21). Let y(u) = -2*u - 8. Give y(m).
8
Let v be ((-8)/2 - -1) + 6. Suppose 12 + 5 = -4*x + k, -21 = 2*x - v*k. Let f(b) = -b - 4 - 2*b**2 + 3*b**3 - 4*b**3 + 2*b. What is f(x)?
2
Suppose -i + 5*i - 160 = 0. Suppose 2*j = 7*j - i. Suppose w - 3*l - 12 = 0, -l - 1 = -4*w - j. Let z(b) = -b**2 - 2*b - 4. Determine z(w).
-7
Suppose b = -3*b + 24. Suppose -m = m - b. Let z(p) be the second derivative of -p**3/6 - 3*p**2/2 - 2*p. Give z(m).
-6
Suppose 2*w + w = -4*b + 9, b - 21 = 3*w. Let k be 9 + 0 - (-3 + b). Let f(t) = t**3 - 7*t**2 + 6*t - 4. Calculate f(k).
-4
Let r(c) = -2*c**2 - 3*c + 2. Let o(i) = i**3 - 11*i**2 - 13*i + 9. Let s be o(12). Calculate r(s).
-7
Let a = 11 - 9. Let u be (-3)/a*8/(-3). Let z(f) = f**3 - 5*f**2 + 4*f - 3. Give z(u).
-3
Let r(x) = x + 4. Let z be r(0). Let m(b) = b**3 - 6*b**2 + 6*b. Determine m(z).
-8
Let m(c) = 2*c - 1. Let w(a) = 4*a**2 + 3*a**2 + a**3 - 5*a**2 - 7*a**2 - 8 - 4*a. Let t be w(6). Calculate m(t).
7
Suppose 2*d + t = 6, -16 = -3*d + 5*t + 6. Let w(v) be the third derivative of 0*v + 0 - v**2 - 1/2*v**3 - 1/60*v**5 - 1/12*v**d. Give w(-3).
-6
Let i(v) = -v + 1. Let a(s) = -2*s + 6. Let w(l) = -a(l) + 3*i(l). Determine w(5).
-8
Let v(z) = -3*z + 3. Let c(y) = y - 12. Let t be c(9). Let r = -1 - t. Give v(r).
-3
Let h(x) = x**2 + 9*x + 3. Suppose i + 12 = -2*i. Let n(l) = l**2 + 8*l + 3. Let u(a) = i*h(a) + 5*n(a). Give u(-2).
-1
Let i(b) = 5*b**2 - 30*b - 2*b**3 + 23*b + 3*b**3. Give i(-6).
6
Let q(u) = -2*u**2 - 3*u + 3. Let s(y) = -3*y**2 - 6*y + 6. Let i(x) = -5*q(x) + 3*s(x). Give i(3).
3
Let i(f) = 2*f - 2. Let v be (0 - -2) + 3 - -3. What is i(v)?
14
Let d(w) = -3*w**2 + 5*w**3 + 2 - 3*w**3 - 3*w**3 + 0*w**3. What is d(-2)?
-2
Let n(i) be the third derivative of -i**8/20160 + i**7/5040 + 7*i**6/720 + i**5/30 - i**2. Let j(o) be the third derivative of n(o). What is j(5)?
-13
Let z(t) = -14*t + 21*t + 3 - 10*t. Calculate z(3).
-6
Let w(s) = 7 + 7*s - 7*s + s**2 + 0*s**2 + 7*s. Calculate w(-6).
1
Let p = 10 + -3. Let q(n) = -n + 9. Give q(p).
2
Let h(k) be the first derivative of k**3/3 - 4*k**2 + 3*k + 4. Calculate h(7).
-4
Suppose -3*a = -4*a + 3. Let h(d) = -7*d**3 + d**2 + 5*d + 2. Let i(c) = -2 - 5*c - 1 + 8*c**3 - c**2 + 0*c**2. Let r(x) = 7*h(x) + 6*i(x). Calculate r(a).
-7
Let c(w) = 2*w**2 - 8*w + 4. Let u(x) = x**2 - 4*x + 2. Let o(q) = -6*c(q) + 13*u(q). Give o(3).
-1
Let n(p) = p**3 + 7*p**2 - 9*p - 2. Suppose -1 = o + 7. Let x be n(o). Let i = 0 + x. Let s(v) = -v**2 + 8*v - 9. Determine s(i).
3
Let g(m) = -m**2 - 2*m + 6. Suppose -5*z + 3*k = 34, k + k = -2*z - 4. Give g(z).
-9
Let o(n) be the third derivative of n**6/120 + n**5/30 + n**4/12 + n**3/2 + n**2. Suppose -2*v + 4*v = -4*p + 16, -3*v - 3*p + 9 = 0. Calculate o(v).
-1
Let o(c) = c - 6. Let v be o(5). Let m(a) = -7*a - 7. Let g be (-141)/(-21) - 4/(-14). Let q(b) = -1. Let u(d) = g*q(d) - m(d). Calculate u(v).
-7
Let k(q) = -q - 8. Let s = 3 - 9. What is k(s)?
-2
Let r(b) = 7*b**3 + 14*b**2 - 4*b - 8. Let x(c) = -3*c**3 - 7*c**2 + 2*c + 4. Let f(q) = 2*r(q) + 5*x(q). What is f(-7)?
-10
Let a(v) = v**3 + 7*v**2 + 7*v + 8. Let j be a(-6). Let y(z) = -j*z - z + 4*z + 2. Determine y(-2).
0
Suppose -6*t + t + 10 = 0. Let y(q) = -5*q**2 + q + 1. Determine y(t).
-17
Let b(q) = 6 - 9*q**2 + 2*q**3 + 2*q - 3*q**3 - 12 - 3*q. Give b(-9).
3
Let m(f) be the second derivative of -1/6*f**4 - 2*f + 0 + 0*f**2 - 1/40*f**5 + 1/3*f**3. Let j(u) be the second derivative of m(u). Calculate j(-4).
8
Suppose 5*u - 7*u - 6 = -5*s, -s = 0. Let j(k) be the first derivative of k**4/4 + 2*k**3/3 - 3*k**2/2 - 1. Give j(u).
0
Suppose 2*c - 16 = -4*r, -5*r + 17 = -4*c - 3. Let b(j) be the third derivative of c*j - 1/24*j**4 + 0 + j**2 + 5/6*j**3. What is b(0)?
5
Let a be (-120)/21 - 4/14. Let d(h) = -h - 8. Give d(a).
-2
Suppose -3*o + w + 40 - 12 = 0, 0 = -5*o + 4*w + 56. Let a be (6 + -2)/2 + 9. Suppose 0*m = 4*m - 2*x + o, -x = 3*m + a. Let r(p) = -2*p. Give r(m).
6
Suppose -4*w = 2*y + 2*y - 20, -3*w + 6 = 0. Let h(f) = -2*f + y + 0 + 0. Suppose -2*z + 0 = i - 11, -5*i = -5*z - 10. Give h(z).
-3
Let a(t) = 6 + 8*t + 6*t**2 + t**3 - 5*t + 2*t. Let s be ((-1)/3)/(3/45). Determine a(s).
6
Let u(s) = s**3 + 5*s**2 + 6*s + 5. Let d(k) = k**2 - 4. Let h = -12 + 12. Let a be d(h). What is u(a)?
-3
Let g = 3 + -5. Let u(j) = j**3 + 2*j**2 - 2*j - 2. Let n(h) = -h**2 + h + 2. Let c(r) = 3*n(r) + 2*u(r). Give c(g).
-8
Suppose 5*q - 4*t = -0*q - 10, -q = -t + 3. Let k(x) = 2 + q + 0 + x. Let p be (2/(-1))/((-8)/(-20)). Determine k(p).
-1
Let r(z) = -z**3 - 4*z**2 + 2*z + 2. Let p be (-6 - 0)*(-2)/4. Suppose 3*n = h + 21, -21 = -p*n + 3*h - 0. Suppose 2*s + 1 = -n. Give r(s).
-6
Let u(z) be the third derivative of z**6/120 - z**5/60 - z**3/3 - 3*z**2. Let t = -2 + 2. What is u(t)?
-2
Let d(w) = 3*w**2 + w - 1. Let r(t) be the third derivative of t**6/120 + t**5/60 - t**4/24 + 3*t**2. Let k(b) = -d(b) + r(b). What is k(3)?
4
Let n = -9 + 6. Let l be n*(1 - -1 - 1). Let t(z) be the first derivative of -2*z**2 - 4*z - 5. Determine t(l).
8
Let o(d) be the third derivative of -d**8/20160 + d**7/720 - d**6/144 + d**5/30 - 2*d**2. Let b(t) be the third derivative of o(t). What 